21
Let o(n) = 26381*n + 7017347. What is o(-266)?
1
Let c(g) = -g**3 - 9*g**2 + 59*g + 478. What is c(-10)?
-12
Let d(l) = 2*l**3 - 377*l**2 - 956*l + 222. Determine d(191).
31
Let d(k) = k**3 + 17*k**2 - 108*k - 61. Calculate d(11).
2139
Let p(f) = -4*f**3 - 258*f**2 - 374*f + 14. Calculate p(-63).
-238
Let f(w) = -258*w - 152174. What is f(-590)?
46
Let z(v) = -v**3 - 14*v**2 - 67*v - 404. Determine z(-11).
-30
Let f(t) = -t**2 - 134979*t - 20763038. Determine f(-154).
12
Let g(k) = 30*k**2 - 532*k + 586. Give g(16).
-246
Let n(m) = 240*m + 1533. Determine n(-5).
333
Let o(x) = -105*x**2 + x + 2. Determine o(5).
-2618
Let s(a) = 36*a**2 - 117*a + 364. Give s(3).
337
Let c(i) = -24*i**2 - 4063*i + 20257. Calculate c(5).
-658
Let z(k) = k**3 + 66*k**2 - 44*k + 4279. Calculate z(-68).
-1977
Let q(d) = -4*d**3 + 19*d**2 + 148*d - 600. Determine q(4).
40
Let s(r) = -2217*r**2 - 13307*r - 18. What is s(-6)?
12
Let b(y) = -548*y + 257007. Give b(469).
-5
Let m(p) = -15*p**2 + 129*p + 3116. Calculate m(20).
-304
Let z(l) = 68119*l + 272482. Give z(-4).
6
Let r(b) = -4*b**2 + 33805*b + 101415. Determine r(-3).
-36
Let m(l) = -l**3 + 27*l**2 - 7455*l + 217877. What is m(29)?
0
Let f(o) = o**2 + 32*o - 418. What is f(-18)?
-670
Let y(q) = 234231*q - 702544. Give y(3).
149
Let i(x) = -3*x**2 - 9172*x + 68. Calculate i(0).
68
Let l(y) = -7*y**2 - 1545*y + 9339. Give l(6).
-183
Let t(q) = 4*q**3 + 2226*q**2 + 104032*q + 1009. Determine t(-505).
-1
Let t(x) = -x**3 + 234*x**2 + 2210*x - 66284. Calculate t(242).
24
Let h(f) = f**3 + 6*f**2 - 16*f - 6. Give h(-8).
-6
Let q(r) = 16*r**3 - 447*r**2 - 43*r + 10. Give q(28).
-410
Let m(o) = -o**3 - 170*o**2 - 109*o + 9320. Give m(-169).
-820
Let n(q) = -64*q**2 + 281*q - 89. Determine n(4).
11
Let m(o) = 94*o**2 - 2444*o + 48. Give m(26).
48
Let p(s) = 279068*s - 1395343. Calculate p(5).
-3
Let b(r) = 2*r**3 + 17*r**2 + 53*r - 496. Calculate b(-9).
-1054
Let v(s) = -10*s**3 - 53*s**2 - 92*s - 5. Calculate v(-6).
799
Let o(q) = 26*q**2 - 1826*q + 967. Determine o(70).
547
Let a(z) = -6*z**2 - 11141*z + 3459863. Give a(271).
6
Let s(c) = 5*c**2 - 520*c + 13448. What is s(56)?
8
Let m(h) = 2*h**2 - 1352*h - 23587. Determine m(-17).
-25
Let d(m) = -6193*m - 12375. Determine d(-2).
11
Let p(h) = h**3 + 41*h**2 + 441*h + 5824. Calculate p(-33).
-17
Let o(n) = -7832*n - 23383. Calculate o(-3).
113
Let c(d) = 6*d**2 - 63*d - 602. Determine c(-6).
-8
Let t(k) = -3577*k + 515108. Calculate t(144).
20
Let k(t) = 343220*t - 3432198. Calculate k(10).
2
Let g(f) = -17*f**3 + 5*f**2 - 5*f - 137. Give g(-5).
2138
Let g(i) = 855*i - 9018. What is g(10)?
-468
Let k(f) = -f**2 - 43*f + 10636. Give k(85).
-244
Let j(v) = -53805*v - 699838. Calculate j(-13).
-373
Let p(v) = -4*v**3 + 779*v**2 + 292*v - 18918. Calculate p(195).
-3
Let r(s) = -s**3 - 145*s**2 + 816*s - 10393. Determine r(-151).
3197
Let c(n) = -49*n**3 - n**2 - 1932*n - 3867. What is c(-2)?
385
Let m(n) = -2*n**3 + 10*n**2 + 1641*n + 706. Give m(-26).
-48
Let c(y) = y**3 - 3719*y**2 + 14883*y - 2. Determine c(4).
90
Let g(z) = -4*z**2 + 21392*z + 343279. Give g(-16).
-17
Let h(v) = -v**2 - 158*v - 377. Determine h(-2).
-65
Let m(p) = 4955*p + 17677. What is m(-3)?
2812
Let i(l) = -2*l**2 + 484*l - 26438. Give i(159).
-44
Let y(f) = -17*f**2 - 253*f - 902. What is y(-9)?
-2
Let b(n) = 2*n**2 + 11838*n + 388397. What is b(-33)?
-79
Let h(u) = -2*u**2 - 4032*u + 210968. Determine h(51).
134
Let s(j) = -j**3 - 253*j**2 - 3*j - 25. Give s(0).
-25
Let k(o) = 2*o**2 + 2939*o + 61150. Calculate k(-21).
313
Let h(t) = -5*t**2 - 55*t - 484. What is h(-12)?
-544
Let i(j) = -4*j**2 + 38*j + 19. Give i(11).
-47
Let o(p) = -5421*p + 81305. What is o(15)?
-10
Let n(p) = -398622*p + 1993105. Calculate n(5).
-5
Let f(k) = -7990*k - 287759. Calculate f(-36).
-119
Let i(h) = h**2 - 11091*h - 467591. Determine i(-42).
-5
Let r(m) = m**2 + 2308*m + 152316. Determine r(-68).
-4
Let i(q) = -60*q**2 - 700*q - 1440. Calculate i(-9).
0
Let z(m) = 10051*m + 5296921. Determine z(-527).
44
Let a(i) = -25358*i - 456428. Determine a(-18).
16
Let s(j) = -j**3 - 1169*j**2 + 28633*j - 95. Give s(24).
-71
Let j(h) = 10*h**3 + 146*h**2 + 127*h + 545. Give j(-14).
-57
Let m(h) = -h**2 - 2416*h + 9644. Determine m(4).
-36
Let c(o) = o**2 + 594*o + 64763. Give c(-144).
-37
Let r(y) = 4*y**3 + 60*y**2 + 202*y + 30. Give r(-10).
10
Let m(l) = -242*l**2 - 8684*l + 955. What is m(-36)?
-53
Let v(w) = -w**3 + 30*w**2 - 297*w + 4310. Determine v(25).
10
Let v(l) = -l**3 + 17*l**2 + 106*l - 1250. Give v(7).
-18
Let c(i) = -7*i**3 - 2*i**2 + 347*i - 1045. What is c(3)?
-211
Let x(h) = 16382*h + 1507216. Calculate x(-92).
72
Let f(n) = 15*n**2 + 401*n + 1634. Calculate f(-5).
4
Let h(j) = 727*j - 12355. What is h(16)?
-723
Let p(k) = k**3 + 71*k**2 + 182*k + 13383. Determine p(-71).
461
Let m(p) = -16*p**3 - 125*p**2 + 16*p - 75. Calculate m(-8).
-11
Let k(d) = -d**2 + 181*d + 10262. Determine k(-45).
92
Let s(p) = 23625*p + 94617. Calculate s(-4).
117
Let n(l) = -23*l**3 - 20*l**2 - 5*l + 17. Determine n(1).
-31
Let q(w) = 234454*w - 937825. Calculate q(4).
-9
Let y(w) = w**2 - 2500*w + 828065. What is y(393)?
14
Let l(i) = 6*i**2 + 421*i + 6715. What is l(-16)?
1515
Let y(v) = -v**2 + 3175*v + 210657. Calculate y(-65).
57
Let j(f) = -52*f**3 - 690*f**2 - 181*f - 20. Determine j(-13).
-33
Let y(v) = -v**3 + 2*v**2 + 264*v + 340. Give y(-13).
-557
Let z(w) = -140*w - 5286. What is z(-38)?
34
Let u(w) = 2*w**3 + 315*w**2 + 570*w + 219206. Give u(-160).
6
Let w(t) = -t**3 + 167*t**2 + 2526*t + 1889. What is w(181)?
441
Let v(r) = -12*r**2 - 1369*r - 1426. What is v(-113)?
43
Let u(h) = 2*h**2 + 8512*h - 51159. Determine u(6).
-15
Let h(m) = -4*m**2 + 11*m + 23. What is h(2)?
29
Let u(o) = -o**2 - 633*o + 7771. Calculate u(12).
31
Let r(w) = w**3 - 31*w**2 - 157*w + 1054. Determine r(4).
-6
Let y(f) = -19*f**2 - 4360*f - 6382. Give y(-228).
2
Let n(f) = -7*f**3 - 20*f**2 + 2631*f - 16. Determine n(18).
38
Let v(i) = i**3 - 64*i**2 - 10*i + 447. Give v(64).
-193
Let k(j) = -45*j**2 + 86*j + 119. Give k(3).
-28
Let b(j) = -11*j**2 - 1401*j + 2326. Give b(-129).
4
Let j(p) = p**3 + 9*p**2 - 91*p + 612. What is j(10)?
1602
Let m(k) = 9*k**2 + 471*k - 8227. Give m(-66).
-109
Let g(w) = -262*w + 8856. Give g(24).
2568
Let c(k) = -k**3 + 47*k**2 - 423*k + 546. Determine c(35).
441
Let d(p) = 10632*p**2 + 85060*p + 32. Calculate d(-8).
0
Let r(i) = 15*i**2 - 12*i - 156. Calculate r(-6).
456
Let n(u) = -37587*u + 14696507. Give n(391).
-10
Let z(j) = 14*j**2 - 117638*j + 470323. Give z(4).
-5
Let p(w) = -419*w - 151690. Calculate p(-362).
-12
Let w(z) = 893*z + 144838. Determine w(-161).
1065
Let b(w) = 245*w**2 + 17029*w + 8546. What is b(-69)?
-10
Let z(r) = 62354*r + 1309413. Give z(-21).
-21
Let b(i) = 7620*i + 68556. What is b(-9)?
-24
Let s(c) = -c**3 + 29*c**2 - 86*c + 145. Calculate s(26).
-63
Let w(g) = 10633*g - 148851. Give w(14).
11
Let l(j) = -4366*j + 43638. Give l(10).
-22
Let g(i) = -11*i**2 - 62*i + 939. What is g(8)?
-261
Let y(q) = 92*q**2 + 98*q - 212. Determine y(2).
352
Let p(g) = -119*g**3 - 19*g**2 - 164*g + 184. What is p(1)?
-118
Let z(r) = r**2 + 27722*r + 1107316. What is z(-40)?
36
Let c(k) = 36*k - 221. Give c(13).
247
Let k(t) = 29*t**2 - 1037*t + 1740. What is k(34)?
6
Let v(f) = f**3 + f**2 + 298*f + 1244. Give v(-4).
4
Let j(o) = -18*o**2 + 8254*o - 41246. Calculate j(5).
-426
Let u(l) = 3001*l**2 - 102030*l - 108. What is u(34)?
28
Let d(j) = -20894*j + 501448. Determine d(24).
-8
Let x(v) = v**3 - 4*v**2 - 25*v + 24. What is x(6)?
-54
Let h(v) = 39*v**2 + 15*v - 14. What is h(-3)?
292
Let k(v) = -453*v**2 - 2199*v + 4394. Give k(2).
-1816
Let w(v) = -9*v**2 - 10072*v - 20146. Calculate w(-2).
-38
Let u(i) = -388*i**3 - i**2 - 800*i - 801. Give u(-1).
386
Let f(b) = -95*b**2 + 16811*b + 76. What is f(177)?
-632
Let n(r) = -23530*r - 658872. What is n(-28)?
-32
Let s(y) = 6*y**2 - 1057*y - 131138. Give s(-84).
-14
Let c(b) = -1393*b - 23597. What is c(-17)?
84
Let f(o) = -51473*o - 669010. What is f(-13)?
139
Let x(g) = g**3 + 438*g**2 - 51905*g - 5362. Calculate x(-535).
-12
Let r(b) = -29*b - 345. What is r(-35)?
670
Let m(y) = -2*y**3 + 37*y**2 + 860*y - 15907. Give m(18).
-103
Let n(b